 ((-378)/(-15))/(9/(1350/12)). Calculate the highest common divisor of 14 and c.
7
Suppose -2*k = -4*k - 14. Let s(o) = -o**3 - 7*o**2 - o + 23. Let r be s(k). Calculate the greatest common factor of r and 45.
15
Suppose 403 = 4*i - c - 812, -4*i + 1218 = -2*c. Calculate the greatest common factor of 3 and i.
3
Let b(i) = -2*i + 8. Let a be b(3). Suppose -a*d = t + 6, t = 2*d - d + 9. Suppose 2*n = -2*n + t. Calculate the greatest common factor of 1 and n.
1
Let q(m) = -m**2 + 9*m - 9. Let f be q(7). Let z = f + 16. Suppose 0 = d - 4*d + j + z, 35 = 5*d - 3*j. What is the greatest common factor of d and 63?
7
Let s be (2 - 1)*8/8. Let h(n) = -29*n**2 - n + 2. Let k be h(s). Let x be (-548)/(-28) - (-16)/k. Calculate the highest common divisor of x and 95.
19
Let s = -11 - -99. Let q be (1 + 0 + 4)*(-126)/(-42). Suppose z + 1 = 0, -2*v + z = -4*v + q. What is the greatest common divisor of v and s?
8
Suppose -j + 7*r + 183 = 8*r, 4*r - 910 = -5*j. What is the greatest common divisor of 1513 and j?
89
Let j = 112 + -62. Let p = 29 + -17. Let f be 16/p*-5*-3. What is the highest common divisor of j and f?
10
Let r(p) = 57*p**2 - 6*p - 1. Let a be r(3). Calculate the highest common factor of a and 38.
38
Suppose -3*j = 3*z - 168, 192 = 2*j + j - 3*z. Suppose u + 4*r = 102, 42*r = u + 43*r - 93. What is the highest common factor of u and j?
30
Suppose 2*x - 1 - 559 = 0. What is the highest common divisor of 112 and x?
56
Let d be 73/(-8)*(114 - 122). Calculate the greatest common factor of 1314 and d.
73
Suppose j - 5*j = -4*x + 60, -5*x - 4*j + 120 = 0. Let m(k) = 23*k - 21. Let c be m(7). What is the greatest common factor of c and x?
20
Let x = -850 + 1409. What is the highest common factor of 13 and x?
13
Let k(i) = i**2 + i. Let r be k(-4). Let j = -17 + r. Let b be -3*(-3)/j*-10. What is the highest common divisor of b and 9?
9
Let p = -120 - -121. What is the greatest common divisor of 1 and p?
1
Suppose 3*o = -5*o + 208. Let r(t) = 8*t**2 + 3*t. Let d = 8 - 10. Let y be r(d). What is the highest common divisor of o and y?
26
Let k be (-12)/(-18)*(-9 - -3). Let b be 1232/12*(-6)/k. Calculate the highest common divisor of b and 22.
22
Suppose -32*m + 31 = -31*m. Suppose 5*v + 4*p - 41 = 11, 5*v = 3*p + m. What is the greatest common divisor of v and 12?
4
Suppose -24 = -5*v + 5*f + 171, -5*f = -3*v + 119. Suppose -5*l + v = -3*w + 3, 2*l - 3*w = 23. What is the highest common divisor of 32 and l?
4
Let b(d) = 2*d**2 - 14*d. Let f be b(7). Suppose f = 7*a - 45 - 25. What is the highest common divisor of a and 25?
5
Suppose -3*c + 44 = 4*d, -3*c + 40 = 3*d + c. Let z be ((-16)/(-6) - 2)*(5 + -2). Let n be 168/z + -4 + 0. Calculate the highest common divisor of n and d.
8
Let q(x) = 48*x - 32. Let g be q(4). What is the greatest common divisor of g and 16?
16
Let c be -35 + -3 + (0 - 0). Let z = 86 + c. What is the highest common factor of 6 and z?
6
Let d(w) = -3*w - 1. Let g be d(-6). Let k = 33 - g. Let b = -247 - -249. Calculate the greatest common divisor of k and b.
2
Let h = -16 + 18. Suppose -5*y + 0*o + 2*o = -40, -4*y - h*o + 50 = 0. Suppose 0*j + 2*j = y. What is the highest common factor of j and 40?
5
Let r be 1617/14*(-4)/(-2). Calculate the highest common divisor of r and 99.
33
Let v(r) = 3*r - 15. Let p be v(6). Calculate the greatest common divisor of p and 915.
3
Let b be 156/(-2)*(-9)/18. What is the greatest common factor of 975 and b?
39
Let l(x) be the second derivative of -x**3/6 - 5*x**2/2 + 5*x. Let d be l(-11). What is the highest common divisor of 9 and d?
3
Let s(j) = 4*j**3 + 4*j**2 - 8*j - 2. Let y be s(4). What is the highest common factor of y and 26?
26
Let a be 45/6*16/5. Let p = 1392 + -1386. What is the greatest common divisor of a and p?
6
Let q(d) = -7*d + 308. Let n be q(40). Let k = 28 + -14. What is the highest common divisor of k and n?
14
Let j(a) = a**3 - 19*a**2 - 136*a - 35. Let h be j(25). What is the greatest common divisor of h and 135?
45
Let f(c) = 4*c + 4. Let j be f(7). Let x = -30 + j. Calculate the greatest common divisor of 6 and x.
2
Let w(j) = 5*j - 30. Let v be w(7). Let x be (-150)/(-12)*6/v. What is the greatest common factor of x and 90?
15
Let d(s) = s**2 - 5*s. Let u be d(7). Suppose 60*k + 105 = 65*k. What is the greatest common divisor of k and u?
7
Let o = 535 - 525. Calculate the greatest common divisor of o and 6.
2
Let p(x) = x**3 + 4*x**2 - 22*x + 16. Let m be p(6). Calculate the greatest common factor of m and 427.
61
Suppose -5*h = -17 - 13. Suppose -5*k = -h*k + 2. Let j be (19/57)/(k/162). What is the greatest common divisor of j and 3?
3
Let r be 174/10 - (-8 - (-420)/50). Calculate the greatest common divisor of r and 2.
1
Let u = 152 - 149. Suppose 0 = u*o + w - 11, 7*o - 3*o + 7 = 3*w. Suppose -x + 5*d = 12 + 12, -4*d + 24 = 4*x. What is the highest common factor of o and x?
1
Let c = 3 + 26. Suppose 0 = -2*o - 3*s + 58, -3*s = o - 0*s - c. Calculate the greatest common factor of o and 58.
29
Suppose 4*m - 80 = -0*m. Let c = 8 + -6. Let g(n) = 2*n**3 - 3*n**2 + 3*n. Let l be g(c). Calculate the greatest common divisor of l and m.
10
Suppose 45 = -2230*l + 2235*l. Let m be 1/(-2) - (-21)/6. Calculate the greatest common factor of m and l.
3
Let u(h) = 2*h + 18. Let d be u(-7). Suppose -d*c + 4 = 16. Let i be 13 - (16/4 + c). What is the greatest common factor of i and 4?
4
Let f(z) = -2*z**2 + 24*z - 18. Let x be f(11). What is the highest common factor of 5 and x?
1
Let d = -10 + 14. Let o = 7 + 0. Suppose -o = -2*w + 1. What is the greatest common factor of w and d?
4
Let g = -163 - -203. Calculate the greatest common factor of g and 64.
8
Suppose 5*i - 5 = -0*i, 3*l - i = 23. Suppose -4*n + l*n - 176 = 0. Calculate the highest common divisor of 4 and n.
4
Suppose -14 - 77 = -13*m. What is the highest common divisor of m and 175?
7
Suppose -p - 4*w = 6, -4*p - 5*w = 25 - 1. Let a be ((-10)/(-15))/(4/p). Let s be 123/9 - a/3. What is the highest common divisor of s and 14?
14
Let y = -1026 - -1243. Calculate the highest common divisor of y and 35.
7
Let a be -1*(-2*34 + 4). Suppose 16 - a = 4*n. Let y = 17 + n. Calculate the greatest common divisor of y and 5.
5
Let b(n) = -2*n + 1. Let c be b(1). Let w be (c/(-2)*-2)/((-4)/68). What is the highest common divisor of 17 and w?
17
Let v be (1 + -46)*(-12)/9. Suppose 3*l = -l + v. Suppose -8*t + 172 - 52 = 0. What is the highest common factor of t and l?
15
Let q be 15/1*(-12)/(-9). Calculate the greatest common factor of 220 and q.
20
Let k(u) = u**3 - 4*u**2 + 7*u - 9. Let w be k(3). Suppose -2*s = 5 + 3, 140 = o - w*s. What is the highest common divisor of 8 and o?
8
Let l(f) = 2*f + 4. Let k be l(0). Suppose -2*r + 3 = k*h + 11, 0 = -5*r + 3*h + 6. Let o be 2/1*(r + 80). What is the highest common divisor of 20 and o?
20
Let z(m) = -m**3 + m**2 + 8. Suppose -3*y - 30 = 5*k, 34 = -3*k - 0*y - 5*y. Let o be 1/2 + k/6. Let p be z(o). What is the greatest common factor of p and 12?
4
Let n be (-8)/(-6) + (-560)/(-30). Calculate the greatest common divisor of n and 40.
20
Suppose -6*z + 240 = -z. Suppose -5*l + 8 = -4*i + 53, 0 = -3*i - 2*l + 5. Let u be 9 + (-6)/3 + i. What is the highest common factor of z and u?
12
Let h = 80 + -77. Let g be (-4 + -16)*8/5. Let f = 59 + g. What is the highest common divisor of h and f?
3
Let k be 70/(-4)*84/(-49). Suppose 3*z - 4 = 5. Suppose -3 - 177 = -z*d. What is the greatest common divisor of k and d?
30
Suppose -s + 5*x = -9 + 20, 4*s - 25 = -3*x. Let g(t) = -3 - t**2 + 5*t + 1 - 12*t. Let q be g(-6). Calculate the highest common divisor of q and s.
4
Suppose -f - 4*j = -5*f + 432, 2*f - 236 = -3*j. Calculate the highest common divisor of f and 42.
14
Let f(u) = 4*u**3 + 3*u**2 - 6*u + 4. Let r be f(2). Suppose 4*v = v - 30. Let g be (v/25)/(2/(-60)). Calculate the highest common divisor of g and r.
12
Let q = -72 - 3. Let r = q + 102. Calculate the greatest common divisor of r and 9.
9
Let c be ((-428)/8)/((-1)/(-6)). Let w = c - -505. Calculate the greatest common divisor of 23 and w.
23
Let v(a) = 22*a - 38. Let d be v(4). Suppose 6*s = 384 - 84. Calculate the highest common factor of d and s.
50
Let d(t) = -t**3 + 4*t**2 + 2*t + 3. Let s be d(4). What is the greatest co